f 15 and 132735.
15
What is the greatest common divisor of 22638 and 132?
66
Calculate the greatest common factor of 630 and 3750.
30
What is the greatest common divisor of 19312 and 2176?
272
What is the highest common factor of 1556 and 359?
1
What is the highest common divisor of 104 and 3835?
13
What is the highest common divisor of 56 and 26684?
28
Calculate the greatest common divisor of 72 and 52776.
72
What is the greatest common factor of 370202 and 434?
434
What is the highest common factor of 4011 and 2877?
21
Calculate the greatest common factor of 162 and 21240.
18
What is the greatest common factor of 8232 and 518?
14
Calculate the highest common divisor of 5089 and 85059.
727
Calculate the highest common divisor of 621 and 235566.
207
What is the highest common factor of 52852 and 584?
292
Calculate the highest common factor of 561 and 41259.
51
Calculate the highest common factor of 93753 and 11.
11
What is the greatest common divisor of 1304 and 1000?
8
Calculate the highest common divisor of 8036 and 5782.
98
Calculate the greatest common divisor of 1163034 and 234.
18
Calculate the highest common divisor of 257728 and 192.
64
What is the greatest common divisor of 2070 and 1563080?
230
What is the highest common divisor of 459 and 2025?
27
What is the greatest common divisor of 5404 and 28?
28
What is the highest common factor of 312 and 64506?
78
Calculate the greatest common divisor of 2742 and 6.
6
What is the highest common factor of 14063 and 581?
7
What is the greatest common factor of 65 and 2077205?
65
What is the greatest common divisor of 512347 and 4653?
517
Calculate the greatest common divisor of 322 and 755182.
46
Calculate the greatest common divisor of 161824 and 1664.
416
Calculate the greatest common divisor of 82 and 360062.
82
What is the greatest common divisor of 3895 and 282080?
205
What is the greatest common divisor of 791706 and 138?
138
Calculate the greatest common factor of 433565 and 220.
55
Calculate the highest common factor of 13069 and 2961.
7
What is the highest common divisor of 5181 and 220?
11
Calculate the highest common divisor of 15186848 and 544.
544
Calculate the highest common factor of 26986 and 57640.
262
Calculate the highest common divisor of 119376 and 6.
6
What is the highest common divisor of 27 and 1258416?
27
Calculate the highest common divisor of 2050 and 31750.
50
Calculate the greatest common divisor of 15 and 68.
1
What is the greatest common factor of 656941 and 596?
149
What is the greatest common divisor of 432 and 6129?
27
What is the highest common factor of 1036590 and 1090?
1090
What is the greatest common factor of 1380 and 19644?
12
Calculate the highest common divisor of 10 and 55860.
10
Calculate the highest common factor of 216 and 2432.
8
Calculate the highest common factor of 37303 and 42.
7
Calculate the highest common factor of 61880 and 84630.
910
What is the greatest common divisor of 1616 and 15958?
202
What is the greatest common factor of 128 and 233280?
64
Calculate the greatest common divisor of 999 and 3922.
37
Calculate the highest common divisor of 51417 and 51939.
261
Calculate the highest common factor of 990873 and 702.
351
Calculate the greatest common divisor of 21735 and 4770.
45
Calculate the greatest common factor of 25772 and 340.
68
What is the greatest common divisor of 348 and 1500?
12
Calculate the highest common divisor of 58668 and 12.
12
What is the highest common factor of 12341 and 32508?
301
What is the greatest common factor of 8 and 72236?
4
Calculate the greatest common factor of 135 and 6330.
15
Calculate the greatest common divisor of 11808 and 4320.
288
Calculate the highest common divisor of 1464 and 49227.
183
What is the highest common divisor of 507270 and 270?
30
What is the highest common divisor of 19 and 3681?
1
What is the greatest common factor of 28 and 1122282?
14
What is the greatest common factor of 20926 and 4?
2
What is the greatest common factor of 929685 and 15?
15
What is the highest common divisor of 806265 and 20295?
1845
What is the highest common divisor of 226 and 358?
2
Calculate the highest common divisor of 257499 and 9801.
891
Calculate the greatest common divisor of 30 and 871730.
10
Calculate the highest common factor of 3883 and 99.
11
Calculate the highest common divisor of 26 and 28486.
2
Calculate the greatest common factor of 12533 and 5.
1
Calculate the highest common divisor of 3196 and 26.
2
Calculate the highest common factor of 67 and 439989.
67
Calculate the highest common factor of 23 and 341573.
23
What is the greatest common divisor of 219260 and 1140?
380
What is the greatest common factor of 34870 and 77?
11
What is the greatest common divisor of 2149140 and 49?
49
What is the highest common factor of 632581 and 5205?
347
Calculate the greatest common divisor of 1255 and 217868.
251
What is the greatest common factor of 260 and 1664?
52
Calculate the greatest common divisor of 779218 and 418.
22
What is the highest common factor of 11426 and 94954?
394
Calculate the highest common factor of 54625 and 437.
437
What is the greatest common divisor of 5290 and 28750?
230
Calculate the greatest common divisor of 21 and 61649.
7
What is the greatest common factor of 276 and 6852?
12
What is the greatest common factor of 2026438 and 46?
46
Calculate the greatest common divisor of 144 and 104364.
36
What is the greatest common factor of 3807 and 55971?
81
What is the highest common factor of 24867 and 81?
81
What is the highest common factor of 24 and 192264?
24
What is the highest common divisor of 520 and 35240?
40
What is the greatest common divisor of 24815 and 1645?
35
What is the greatest common divisor of 1394 and 6246514?
1394
What is the highest common divisor of 418203 and 2673?
243
Calculate the highest common divisor of 3094 and 14994.
238
Calculate the highest common factor of 8400 and 2688.
336
Calculate the highest common divisor of 168 and 2316.
12
Calculate the greatest common divisor of 357 and 26019.
21
Calculate the highest common factor of 1119274 and 26.
26
What is the highest common divisor of 102553 and 33?
11
What is the greatest common factor of 31999 and 77?
11
Calculate the highest common factor of 106998 and 30.
6
Calculate the highest common factor of 1201008 and 2882.
262
Calculate the highest common factor of 832 and 106880.
64
What is the highest common divisor of 131 and 86591?
131
Calculate the highest common factor of 3536 and 4471.
17
Calculate the highest common divisor of 16112 and 23.
1
What is the highest common divisor of 5218 and 124?
2
Calculate the greatest common factor of 3015718 and 95.
19
What is the greatest common factor of 341571 and 1599?
123
Calculate the highest common factor of 6304 and 544.
32
Calculate the greatest common factor of 12709 and 6623.
179
Calculate the highest common divisor of 4759644 and 12.
12
What is the highest common factor of 22984 and 16?
8
What is the highest common divisor of 38 and 103740?
38
What is the highest common factor of 20622 and 273?
21
Calculate the greatest common factor of 12189545 and 95.
95
What is the highest common divisor of 13473 and 36?
9
What is the highest common divisor of 186808 and 18?
2
Calculate the highest common divisor of 1701 and 7776.
243
What is the greatest common factor of 13408 and 1184?
32
Calculate the greatest common factor of 3492592 and 32.
16
What is the greatest common divisor of 6162 and 26676?
78
Calculate the highest common factor of 142230 and 10.
10
What is the highest common factor of 121701 and 2034?
339
Calculate the greatest common factor of 23112 and 88.
8
What is the highest common factor of 84 and 2324931?
21
Calculate the highest common factor of 16366 and 42.
14
Calculate the greatest common divisor of 1179805 and 11.
11
What is the greatest common divisor of 613 and 793?
1
Calculate the greatest common divisor of 531068 and 206.
206
Calculate the highest common factor of 100 and 80620.
20
What is the greatest common divisor of 144 and 2979?
9
Calculate the highest common factor of 262689 and 147.
147
What is the highest common divisor of 469812 and 12444?
204
Calculate the highest common factor of 17933 and 1589.
227
What is the highest c